ided by 5?
1
Let j = 5 - 3. Suppose j = -4*a + 6. What is the remainder when a is divided by (1/2)/((-2)/(-4))?
0
Let l = -11 - -21. Calculate the remainder when l is divided by 1 - -1 - 4/(-2).
2
Suppose t - 8 = 7. Let h = 14 - 6. Calculate the remainder when t is divided by h.
7
Let d(w) = -9*w. Let k be d(3). Let x = 40 + k. Suppose i + 3*r - 6 - 13 = 0, 4*i + 2*r - 36 = 0. Calculate the remainder when x is divided by i.
6
Suppose -2*d + 2 = 4*o, 4*d = -3*o + 2*d + 1. What is the remainder when 13 is divided by 27/6 + o/2?
3
Suppose -392 = -27*t + 19*t. What is the remainder when t is divided by 17?
15
Let u = -11 - -22. Calculate the remainder when 43 is divided by u.
10
Let o(q) = -q**3 - 5*q**2 + 3. Calculate the remainder when 15 is divided by o(-5).
0
Let g be 1/(-3) - (-48)/9. Suppose -5*x + g*r + 4 = 4*r, 4*x - 3*r = 1. Calculate the remainder when (-4 - 18/(-4))*2*2 is divided by x.
0
Let j(b) = 6*b - 6. Let n(g) = 2*g**2 + 3*g - 4. Let d be n(-3). Calculate the remainder when 70 is divided by j(d).
22
Let v be (-2)/(-8) + (-19)/(-4). Suppose -5 = 3*c + v*r + 5, 4*c = -2*r + 10. Suppose c*g - 45 = 2*g. What is the remainder when g is divided by 9?
6
Suppose -2*s + 3*s - 5*f = 31, s - 3*f - 31 = 0. Calculate the remainder when 123 is divided by s.
30
Suppose 12 = -7*j + 3*j. Let k(t) = -6*t + 1. Calculate the remainder when k(j) is divided by 11.
8
Suppose 3*v = 2*c + 13, -c + 2*v + 7 = 5*v. What is the remainder when (1/c)/((-3)/306) is divided by 18?
15
Suppose -30 = 3*h - 8*h. Suppose -5*m - 3*k = -4*k + h, -m - k = 0. What is the remainder when (0 - 1)/(m/7) is divided by 3?
1
Suppose -8 = -0*q - 4*q. Let d = q + 0. Suppose 0 = d*z - 0*z - 18. What is the remainder when 16 is divided by z?
7
Suppose 2*r = c + 3, -7*c - 2*r = -2*c + 39. Let p(n) = -5*n - n**2 - 2*n + 0*n + 1. What is the remainder when 2 is divided by p(c)?
0
Suppose 134 = 4*b - 6. What is the remainder when 136 is divided by b?
31
Let w = -64 - -116. Calculate the remainder when w is divided by 29.
23
Let z = 25 + 30. Calculate the remainder when z is divided by 14.
13
Suppose 5*i + 5*m - 195 = 0, 0 = 5*i - i + 5*m - 152. Let p(b) = b**3 - 3*b**2 + b - 5. What is the remainder when i is divided by p(4)?
13
Suppose 0 = -3*y + j + 118, -4*y = -y - 2*j - 116. What is the remainder when y + 6/(2 + 0) is divided by 11?
10
Let p(t) = 5*t - 5. Let j be p(-6). Let i = -25 - j. Let v(x) = x**3 - 10*x**2 - x + 13. What is the remainder when 3 is divided by v(i)?
0
Let z be ((-2)/(-2)*-3)/(-1). Let h be (-1)/(z/6) + 2. Suppose -5*i - 27 + 72 = h. What is the remainder when 26 is divided by i?
8
Suppose s - 48 = -t, t - 6*t = -3*s - 280. Let q = t + -32. Calculate the remainder when 40 is divided by q.
19
Let m(l) = l + 67. Calculate the remainder when m(-21) is divided by 8.
6
Let k(q) = 5*q**2 + 2*q - q**3 + 3*q + 5*q - 7. What is the remainder when k(6) is divided by (-18)/(-8)*(-8)/(-3)?
5
Let y(x) = x**3 - 5*x**2 + 6*x - 4. Calculate the remainder when 102 is divided by y(5).
24
Let o = 15 - -35. Calculate the remainder when o is divided by 19.
12
Suppose -5*z - 23 = 22. Let x = z - -14. Calculate the remainder when 16 is divided by x.
1
Suppose 29*y + 44 = 31*y. What is the remainder when 40 is divided by y?
18
Suppose 0 = 4*i - 5*i + 12. Suppose -24 = -15*w + i*w. Calculate the remainder when 15 is divided by w.
7
Suppose -108 = -2*w - 4*f, -3*w - 3*f = -8*w + 270. What is the remainder when w is divided by 55/4 - (-1)/4?
12
Let a(k) = -k**2 - 14*k - 11. Let s = 2 + 0. Calculate the remainder when s is divided by a(-13).
0
Let s = 119 - 49. Calculate the remainder when s is divided by 18.
16
Let j = 27 - 16. What is the remainder when j is divided by 5?
1
Let q(g) = -10*g**2 - 5 + g - 4 + 1 + g**3 + 2. Suppose 0 = -5*t - 4*s + 28 - 6, s - 9 = -3*t. Calculate the remainder when q(10) is divided by t.
0
Let w = 29 + -75. Let v = 87 + w. What is the remainder when v is divided by (-13)/(-1) - 1/(-1)?
13
Suppose 6*z - 5*h = 4*z - 5, -3*z = 4*h - 27. Suppose 2*m = -4*q + 36, -2*m + 42 = z*q - 4*q. What is the remainder when (2*6/12)/((-2)/(-128)) is divided by m?
20
Let t = 136 - 78. Let s(w) = -3*w + 6. Calculate the remainder when t is divided by s(-3).
13
Let m(i) be the second derivative of -i**5/20 - 5*i**4/12 + 2*i**3/3 - 3*i**2 - 6*i. Calculate the remainder when 16 is divided by m(-6).
4
Suppose -15*h = -10*h - 140. Calculate the remainder when 81 is divided by h.
25
Let b(c) = c**3 + 7*c**2 - 2*c + 3. Calculate the remainder when 29 is divided by b(-7).
12
Let b be 8/(16/(-4)) + 5. Suppose 19 = b*u - 11. Calculate the remainder when 18 is divided by u.
8
Let o be ((-8)/6)/(4/6). What is the remainder when (o/3)/(2/(-105)) is divided by 12?
11
Calculate the remainder when -2 + 2 + 46*1 is divided by 16.
14
Let v(t) = -t**3 + 6*t**2 - 3*t - 1. Let d(j) = 10*j + 2 - 4 - 2 - 8*j**2 + j**3. What is the remainder when d(7) is divided by v(5)?
8
Let h = -6 + 4. Let n = 14 - h. What is the remainder when n is divided by 9?
7
Let v = 133 + -44. Calculate the remainder when v is divided by 18.
17
Suppose -14 = 4*d - 66. Calculate the remainder when 63 is divided by d.
11
Let i be 2/(0 + 1) - -28. Let c = i + -18. What is the remainder when 47 is divided by c?
11
Let k be 37/(1*(-3)/3). Let z = -20 - k. Let y = -17 - -26. Calculate the remainder when z is divided by y.
8
Suppose 0*w = w. Suppose -i + 3*i - 20 = w. What is the remainder when 81/6*(-4)/(-3) is divided by i?
8
Let g = 224 + -69. What is the remainder when g is divided by 12?
11
Let o be (0/12)/(1 - -1). What is the remainder when 3 is divided by 4/8*(2 - o)?
0
Suppose 5*g - 1 = v - 0*g, -2*g + 13 = v. What is the remainder when 16 is divided by (-2)/v + 56/9?
4
Let g = -19 - -11. Suppose 3*i - 2*i = 5*x + 19, 2*x - 2*i + 6 = 0. Calculate the remainder when x/(-2)*(-52)/g is divided by 5.
3
Let h(s) = -s**2 + 12*s - 3. What is the remainder when h(9) is divided by (-6 + -3)*1/(-1)?
6
Suppose 0 = 4*u + 4*n - 4, 2*u - 3*n - 9 = 2*n. What is the remainder when 28 is divided by 13 - (0/3 + u)?
6
Let u = 47 + -33. Calculate the remainder when u is divided by 5.
4
Suppose 15 + 5 = 4*m. Let v be (-58)/(-4)*2*2. Suppose 0 = -m*q - v + 268. What is the remainder when q is divided by 22?
20
Let h be 1*((2 - -25) + 2). Suppose 2*g - h = -1. Let j = -8 + 16. Calculate the remainder when g is divided by j.
6
Let k(g) = g**3 - 7*g**2 - 6*g - 11. What is the remainder when 9 is divided by k(8)?
4
Calculate the remainder when 22 is divided by (4 - (-51)/(-12))*-16.
2
Suppose -3 = -3*q - 0. Calculate the remainder when q is divided by 1.
0
Let u = -41 - -59. Calculate the remainder when u is divided by 5.
3
Let z = 15 + -5. Suppose -d + 30 = -2*t, d - 2*t = -5*t + z. Calculate the remainder when d is divided by 8.
6
Let g = 32 + 34. What is the remainder when 13 is divided by (-2)/(-7) - g/(-14)?
3
Let s(j) = j + 7. What is the remainder when 7 is divided by s(-5)?
1
Suppose -2*y = -5*y - 84. Calculate the remainder when y/(1 + 5/(-3)) is divided by 9.
6
Let j = 112 + -86. Calculate the remainder when 99 is divided by j.
21
Suppose -30 = 3*d - 6*d. Suppose 10*k - 114 = 7*k. Calculate the remainder when k is divided by d.
8
Let v = -14 + 22. Let m(z) = z**3 - 8*z**2 + z + 2. What is the remainder when 19 is divided by m(v)?
9
Let f = -2 + 61. Calculate the remainder when f is divided by 16.
11
Suppose -5*d + 6*d - v - 11 = 0, -d + 1 = v. Calculate the remainder when 17 is divided by d.
5
Let r(f) be the third derivative of -f**6/120 + 3*f**5/20 + f**4/2 - f**3 - 2*f**2. What is the remainder when r(10) is divided by 8?
6
Let g(y) = -3*y + 2. Let r(o) = -o**2 + 4*o + 3. Let m be r(5). Let t be g(m). Suppose 8 + t = 4*j. Calculate the remainder when 10 is divided by j.
2
Let a(n) = -n**2 - 9*n - 7. Let v be a(-8). Calculate the remainder when 3 is divided by (-1)/((-1)/2*v).
1
Suppose 10 = 5*u - 35. What is the remainder when 17 is divided by u?
8
Let k = 205 + -130. Calculate the remainder when k is divided by 38.
37
Let z(w) = -w - 18*w**3 + 1 - 2 + 6*w**3. Calculate the remainder when 33 is divided by z(-1).
9
Suppose 0 = u + 32 - 139. Suppose -3*d = -3*j - 60, 4*d - j - u = -6*j. Let m = 1 + 7. Calculate the remainder when